5, -3*f = q - 238. Is f a prime number?
True
Suppose 0 = 3*l - 5*o + 19, -4*o + 13 = -7. Is (-4 + l)/(2*2/(-7586)) prime?
True
Let z(o) be the first derivative of 2*o**3 - o - 2. Let k = 64 - 59. Is z(k) composite?
False
Is (162/(-81))/(6/(-67071)) a composite number?
True
Suppose 5*q + 40 = -9*o + 4*o, -q - 5*o - 8 = 0. Let k(u) = -55*u + 5. Is k(q) prime?
False
Let b be 60/(-25) - -4 - 4/(-10). Suppose 0 = -r - 4*r + b*n + 7979, -4*n = 4*r - 6400. Is r prime?
True
Suppose 4*g + 8 = 0, -2*g = 5*k + g - 44989. Is k composite?
False
Let u = -192 + -2073. Let h = u - -3628. Is h prime?
False
Let u be 1/(-12)*46 - (-3)/(-18). Is 6/(u*(-315)/(-631) - -2) a composite number?
True
Let l(c) = 54*c - 1. Let p be (-2 + 6 - 1)*-2. Let o = p + 7. Is l(o) prime?
True
Let z be 2/(-7) - (-176)/28. Suppose 14*q = z*q + 3976. Is q a prime number?
False
Let g be 2 + -2 + -4 - -14660. Is g/28 + (-3)/7 a composite number?
False
Suppose -s = 3*t - 896, 3*s - 2713 = -11*t + 7*t. Is s composite?
False
Let p(a) = 2*a**2 + 12*a - 3. Let v be (-21)/(-1 + 4) + 3. Let m(k) = 5*k**2 + 36*k - 8. Let w(l) = v*m(l) + 11*p(l). Is w(9) prime?
True
Suppose -7*x + 8106 = -87227. Is x a prime number?
True
Is (14/4 + -1)*(-4268)/(-110) a prime number?
True
Suppose 0 = -3*p + 4*p - 2. Suppose 3*q = x - p, -q - 2 = -3*q - x. Suppose 5*m + 594 = 2*y, y + q*y = 2*m + 299. Is y composite?
False
Let o(d) = d**3 + 6*d**2 - 9*d - 9. Let f be o(-7). Suppose -f*b = 12*b - 19567. Is b prime?
True
Suppose -3*y - a = 5205, -6*y + 3*y - 5217 = 5*a. Let l be (4/12)/(7432/7431 - 1). Let p = l + y. Is p a prime number?
True
Let v = 25 + -22. Suppose 3*n = 5*b - 6, -3*b + v = n - 9. Suppose 4 = p, -a = 2*a + n*p - 789. Is a a composite number?
True
Let j(t) = 1. Let f(u) = u**2 - 14*u + 11. Let k(i) = f(i) - 4*j(i). Let c be k(14). Let a(r) = 3*r**3 - 10*r**2 + 7*r - 5. Is a(c) a prime number?
False
Is (4450 + 1)/(109/109) prime?
True
Let u = 4 + -2. Let j be 1*-6*u/(-3). Suppose 0 = h + j - 57. Is h composite?
False
Let f(k) = k**3 + 10*k**2 - 8*k - 1. Let v be 10/15*(-8 - 4). Is f(v) a composite number?
False
Let x be (22/6)/((-8)/(-24)). Suppose 6*w = x*w + 1525. Is 4*(w/(-4) - 3) a prime number?
True
Is 158644/170*((-1)/(-2) - -2) composite?
False
Let a(p) = -4*p**2 + 5*p - 2. Let d be a(7). Let y = d + 477. Is y a prime number?
False
Let m be 832/14 - (-20)/105*3. Let d = m - 7. Is d a composite number?
False
Suppose -138 = 3*f - 3*l, 3*l = -f - 3*f - 170. Let d = f - -75. Is d a prime number?
True
Let h = -72 + 33. Let g be 1/(-3 - 118/h). Is (-2)/(-13) - (-9783)/g prime?
True
Let x = 8773 + 5838. Is x composite?
True
Suppose v - 2*n + 61 - 339 = 0, -5*v + n = -1435. Is 9/(v/15976) - 1/4 prime?
True
Is ((-74874)/9*-3)/(2 - 0) composite?
False
Suppose -3*h - h = -4. Let w = 5 - h. Suppose -w*o - 8 = 0, 3*o + 751 = -0*n + n. Is n composite?
True
Let t(g) = 26*g**2 + 8*g - 11. Is t(5) a composite number?
True
Let s(u) = u**2 + 2*u - 12. Let r be s(-6). Suppose -r*d + 11354 = -5*d. Is d composite?
True
Let d(s) = -633*s + 2. Let j = -7 - -6. Is d(j) a composite number?
True
Suppose -29*m - 13147 + 186596 = 0. Is m a prime number?
True
Suppose 3*l + 15 = -2*l, -4*v + 3*l + 19357 = 0. Is v a composite number?
True
Let n = -4925 - -11258. Is n composite?
True
Suppose -3*l - f + 10 = 0, 2*f = 2*l + 6*f - 20. Suppose l*z = -z - 21. Let h(k) = 10*k**2 + 3*k - 2. Is h(z) composite?
False
Let k(q) = -620 + 603 + q**2 + 0*q**2 + 5*q. Let u = 12 + -5. Is k(u) composite?
False
Let c(w) = w + 55. Let k(v) = v + 4. Let u be k(-5). Let d be 0*u*3/9. Is c(d) a prime number?
False
Let a(o) = -2*o**3 - 2*o**2 + 55*o - 69. Is a(-16) a composite number?
True
Let s be 3 - 2*(4 + -3). Let o(p) = p**2 + 2*p - 1. Let u be o(s). Suppose 3*m + 1 = -u, -1162 = -2*r + 4*m. Is r prime?
False
Let k(t) = 8*t - 23 + 31 + 15. Let m be -2 + 12*1 - 0. Is k(m) prime?
True
Let w = -966 + 1957. Let a(j) = 318*j. Let h be a(2). Let m = w - h. Is m a composite number?
True
Let v(s) = 3922*s + 97. Is v(3) composite?
False
Let z = -19 + 18. Let i be (z - -113)/(3/(-6)). Let c = -150 - i. Is c a composite number?
True
Suppose -3*w + 4830 = 2*w. Suppose -f - 255 + w = 0. Is f/12 - (-7)/(-28) a composite number?
False
Let w(a) = 6374*a**2 - 19*a - 33. Is w(-2) prime?
False
Let t(r) = r + 5. Let f(v) = v + 6. Let h(m) = -7*f(m) + 6*t(m). Let k be h(-8). Is 62 - ((-16)/k - 0) a composite number?
True
Let w = 29 - 26. Suppose w*q = -3*y + 519, -2*q - 3 = 7. Suppose p = 3*p - y. Is p a composite number?
False
Suppose z + 2 = 0, -3*z + 7*z = -4*y - 12. Let b(g) be the second derivative of -61*g**3/6 - g**2 - 2*g. Is b(y) prime?
True
Let c(z) = -z**2 + 3*z - 4. Let b be c(4). Let h(l) = l + 10. Let n be h(b). Suppose 134 = -n*i + 4*i. Is i a composite number?
False
Let d(x) = 2667*x**2 - 5*x - 7. Is d(-3) a prime number?
False
Let i = 71 + -60. Suppose -2*g = i*g - 10231. Is g composite?
False
Suppose -2*a - 3*a - 30 = 0. Let d be (2/a)/(5/(-195)). Suppose -7*q = -6*q - d. Is q a prime number?
True
Is (2343 - (2 - 1))*(-728)/(-208) composite?
True
Suppose 0 = 5*q - 3*k + 58, 5*q + 82 = -2*k - k. Let p be 266/98 - 4/q. Suppose p*d - 56 = -d. Is d composite?
True
Let g = -159 - -1. Let z be (g/(-4))/(4/72). Is ((-10)/15)/((-6)/z) composite?
False
Let q(g) = 15*g**2 + 3*g - 3. Suppose -2*j = -3*j + 5, 5*c + 3*j + 5 = 0. Let p be q(c). Let w = -98 + p. Is w a composite number?
False
Suppose 2*k - 66727 = -3*l, 4*l = -l + 3*k + 111199. Is l a composite number?
True
Suppose 0 = 5*s - 5*w + 10, 3*s - w = -0*w - 14. Let u be (160/s)/(1/(-3)). Is u/(-12)*(-12)/8 a prime number?
False
Suppose -3*v = 3*x - 21456, 3*x + 5*v - 21091 - 367 = 0. Is x composite?
False
Suppose 2*u - 9 = 3*o, -2*o - 11 = -2*u - u. Let a be ((-8)/(-6))/(2/u). Let g(z) = 11*z**2 + z. Is g(a) a prime number?
False
Let l(b) = 4*b**2 - 5*b + 5. Let c be l(5). Let i = -211 + c. Let f = i - -220. Is f a composite number?
False
Let i = 3341 - -10158. Is i a composite number?
False
Suppose -148 = 39*g - 41*g. Suppose 2*n = -3*q + 355, -4*n + 31 + g = q. Is q a prime number?
False
Suppose -38*l = -239237 - 19353. Is l prime?
False
Suppose 2*d - 6 = 4. Suppose -10*t = -d*t. Suppose -157 = -3*k - 2*n - t*n, 0 = 4*k - 3*n - 232. Is k composite?
True
Is (5/(-10) - -2)*2 + 560 composite?
False
Suppose 2*g = 29931 + 15295. Is g a prime number?
True
Let j = -230 - -450. Let a(r) = -r**2 + 9*r - 7. Let d be a(-8). Let c = j + d. Is c composite?
True
Let n = 142 + -79. Let a = 154 - n. Is a a composite number?
True
Let o = -6651 + 9373. Is o composite?
True
Let c(a) = a + 10. Let m be c(-10). Suppose 12 = -4*j - 3*u, m = 2*j + 2*j - 3*u - 12. Suppose -4*d - 14 + 658 = j. Is d a prime number?
False
Let a(o) = o**3 - 8*o**2 + 2*o + 5. Let z be a(7). Let t = z + 28. Is (-27)/(-18) + (-145)/t a composite number?
True
Suppose 2*q + 3*y - 8*y = 849, -5*q - 5*y = -2105. Is q a composite number?
True
Let i be 13022 - (-5)/15*-6. Let a = i - 9191. Is a prime?
False
Let l(k) = k**3 + 9*k**2 + 8*k + 1. Let y be l(-8). Is (-2 + -2*y)*361/(-4) composite?
True
Suppose 3510 = 5*t - 5*s, 0 = -5*t - 3*s - 1963 + 5481. Is t prime?
False
Let i(p) = 16*p**2 - 35*p + 4. Is i(-13) prime?
True
Suppose -5*y + 3481 = 4*o, 5*y - 6*o - 3490 = -o. Is y prime?
False
Let a be (1/(-2))/(5/(-10)). Let f(w) = 4163*w. Let d be f(a). Suppose d = 5*n - 7982. Is n composite?
True
Suppose j - 19*v = -17*v + 83299, 0 = 2*j + v - 166598. Is j prime?
True
Let o(l) = 163*l + 3. Let z(n) = -4400*n - 80. Let p(v) = -80*o(v) - 3*z(v). Let a be p(2). Let q = 541 - a. Is q a prime number?
False
Suppose 3*z - 24 = -3*m, -4*m + 2 = z - 24. Is (-1 + -768)/(m + -5 + -2) a composite number?
False
Let q(h) = -189*h**2 + 4. Let s be q(2). Let w = s + 1441. Is w a composite number?
True
Suppose 5*k = -5*p + 75, 3*p - 3*k + 10 - 55 = 0. Let j = 108 + p. Is j a composite number?
True
Let h(l) = -2*l**3 - 3*l**2 - l. Let x be h(-2). Let q(u) = 2*u - 12. Let o be q(x). Suppose o = -z - 4*r - 7, 3*z + 2*r - 35 = 4*r. Is z a prime number?
False
Let a = -1770 - -3277. Is a a composite number?
True
Let g = -18103 + 34032. Is g prime?
False
Suppose -108 + 276 = 4*f. Suppose -2*m + 1600 + f = 0. Is m composite?
False
Let f(y) = y**3 + 16*y**2 + 13*y - 25. 